{"id":8,"date":"2021-10-13T15:18:33","date_gmt":"2021-10-13T13:18:33","guid":{"rendered":"https:\/\/newsletter.laboratoires-sublimm.fr\/?page_id=8"},"modified":"2021-10-13T17:04:09","modified_gmt":"2021-10-13T15:04:09","slug":"accueil","status":"publish","type":"page","link":"https:\/\/newsletter.laboratoires-sublimm.fr\/","title":{"rendered":"Accueil"},"content":{"rendered":"<p style=\"text-align: center;\">Abonnement \u00e0 la Newsletter des Laboratoires Sublimm.<\/p>\n<p style=\"text-align: center;\">Toutes les informations sur la 3D (D\u00e9ratisation, D\u00e9sinsectisation, D\u00e9sinfection)<\/p>\n<div class=\"tnp tnp-subscription\">\n<form method=\"post\" action=\"https:\/\/newsletter.laboratoires-sublimm.fr\/?na=s\">\n\n<input type=\"hidden\" name=\"nr\" value=\"page\"><input type=\"hidden\" name=\"nlang\" value=\"\"><div class=\"tnp-field tnp-field-email\"><label for=\"tnp-email\">Email<\/label>\n<input class=\"tnp-email\" type=\"email\" name=\"ne\" value=\"\" required><\/div>\n<div class=\"tnp-field tnp-field-button\"><input class=\"tnp-submit\" type=\"submit\" value=\"S&#039;abonner\" >\n<\/div>\n<\/form>\n<\/div>\n\n","protected":false},"excerpt":{"rendered":"<p>Abonnement \u00e0 la Newsletter des Laboratoires Sublimm. Toutes les informations sur la 3D (D\u00e9ratisation, D\u00e9sinsectisation, D\u00e9sinfection)<\/p>\n","protected":false},"author":1,"featured_media":0,"parent":0,"menu_order":0,"comment_status":"closed","ping_status":"closed","template":"","meta":{"footnotes":""},"class_list":["post-8","page","type-page","status-publish","hentry"],"_links":{"self":[{"href":"https:\/\/newsletter.laboratoires-sublimm.fr\/index.php?rest_route=\/wp\/v2\/pages\/8","targetHints":{"allow":["GET"]}}],"collection":[{"href":"https:\/\/newsletter.laboratoires-sublimm.fr\/index.php?rest_route=\/wp\/v2\/pages"}],"about":[{"href":"https:\/\/newsletter.laboratoires-sublimm.fr\/index.php?rest_route=\/wp\/v2\/types\/page"}],"author":[{"embeddable":true,"href":"https:\/\/newsletter.laboratoires-sublimm.fr\/index.php?rest_route=\/wp\/v2\/users\/1"}],"replies":[{"embeddable":true,"href":"https:\/\/newsletter.laboratoires-sublimm.fr\/index.php?rest_route=%2Fwp%2Fv2%2Fcomments&post=8"}],"version-history":[{"count":3,"href":"https:\/\/newsletter.laboratoires-sublimm.fr\/index.php?rest_route=\/wp\/v2\/pages\/8\/revisions"}],"predecessor-version":[{"id":14,"href":"https:\/\/newsletter.laboratoires-sublimm.fr\/index.php?rest_route=\/wp\/v2\/pages\/8\/revisions\/14"}],"wp:attachment":[{"href":"https:\/\/newsletter.laboratoires-sublimm.fr\/index.php?rest_route=%2Fwp%2Fv2%2Fmedia&parent=8"}],"curies":[{"name":"wp","href":"https:\/\/api.w.org\/{rel}","templated":true}]}}